{"id":9139,"date":"2018-04-23T12:31:49","date_gmt":"2018-04-23T10:31:49","guid":{"rendered":"https:\/\/www.vdsm.net\/wronline\/?page_id=9139"},"modified":"2022-10-14T11:12:34","modified_gmt":"2022-10-14T09:12:34","slug":"datenschutz","status":"publish","type":"page","link":"https:\/\/www.vdsm.net\/wronline\/datenschutz\/","title":{"rendered":"Datenschutz"},"content":{"rendered":"<p>Diese Datenschutzerkl\u00e4rung kl\u00e4rt Nutzer \u00fcber die Art, den Umfang und Zwecke der Erhebung und Verwendung personenbezogener Daten durch den verantwortlichen Anbieter: Verband der Siegerl\u00e4nder Metallindustriellen e.V. auf.<\/p>\n<p><strong>Verantwortlich f\u00fcr den Inhalt:<\/strong><\/p>\n<p>RA\u00a0Dr. Thorsten Doublet<br \/>\nSpandauer Stra\u00dfe 25<br \/>\n57072 Siegen<\/p>\n<p><strong>Redaktion:<\/strong><\/p>\n<p>Julia F\u00f6rster M.A.<br \/>\nJan Krumnow<\/p>\n<p><strong>Redaktionsanschrift:<\/strong><\/p>\n<p>Unternehmerschaft Siegen-Wittgenstein<br \/>\nPostfach 10 10 62<br \/>\n57010 Siegen<br \/>\nTel. : (0271) 23 04 30<br \/>\nFax : (0271) 2 31 69 48<br \/>\n<a href=\"mailto:vdsm@arbeitgeberverbaende.de\">E-Mail: vdsm@arbeitgeberverbaende.de<\/a><br \/>\n<a href=\"http:\/\/www.arbeitgeberverbaende.de\/\" target=\"_blank\" rel=\"noopener\">Internet: http:\/\/www.arbeitgeberverbaende.de<\/a><\/p>\n<p>&nbsp;<\/p>\n<h3>DATENSCHUTZERKL\u00c4RUNG<\/h3>\n<p><span class=\"c-article-text__drop-cap\">W<\/span>ir freuen uns sehr \u00fcber Ihr Interesse an Wirtschaft regional online. Um Wirtschaft regional online anbieten zu k\u00f6nnen, ben\u00f6tigen wir nat\u00fcrlich auch einige Daten \u00fcber Sie. Dabei nehmen wir den Schutz personenbezogener Daten sehr ernst und verarbeiten diese stets im Einklang mit den anwendbaren datenschutzrechtlichen Bestimmungen, insbesondere der EU Datenschutz-Grundverordnung.<\/p>\n<p>In der Regel k\u00f6nnen Sie Onlinedienste, f\u00fcr die keine Bezahlung oder Registrierung erforderlich ist, ohne Angabe personenbezogener Daten nutzen. In bestimmten F\u00e4llen verarbeiten wir jedoch die nachfolgend aufgelisteten personenbezogenen Daten. Dies geschieht grunds\u00e4tzlich nur, soweit dies zur Bereitstellung einer funktionsf\u00e4higen Website bzw. App sowie unserer Inhalte und Leistungen erforderlich ist:\u00a0Informationen \u00fcber den Browsertyp und die verwendete Version, Betriebssystem des Nutzers, Datum und Uhrzeit des Zugriffs, Websites, von denen der Nutzer auf unsere Website gelangt, Websites, die der Nutzer \u00fcber unsere Website aufruft.<\/p>\n<p>Wir verarbeiten Ihre Daten ausschlie\u00dflich aufgrund einer oder mehrerer der m\u00f6glichen gesetzlichen Grundlagen. Gem\u00e4\u00df DSGVO k\u00f6nnen personenbezogene Daten insbesondere aufgrund eines Vertrages oder zur Durchf\u00fchrung vorvertraglicher Ma\u00dfnahmen, bei Vorliegen einer Einwilligung, aufgrund eines berechtigten Interesses oder eines Gesetzes sowie zum Schutz lebenswichtiger oder \u00f6ffentlicher Interessen verarbeitet werden.<\/p>\n<p>Zur Wahrnehmung der Meinungs- und Informationsfreiheit im Rahmen unserer Berichterstattung berufen wir uns auf unser berechtigtes Interesse, wenn wir bei unserer Berichterstattung personenbezogene Daten der betroffenen Personen verarbeiten.<\/p>\n<h4>Cookies<\/h4>\n<p>Wie viele andere Webseiten verwenden wir auch so genannte \u201eCookies\u201c. Cookies sind kleine Textdateien, die von einem Webseitenserver auf Ihre Festplatte \u00fcbertragen werden. Hierdurch erhalten wir automatisch bestimmte Daten wie z. B. IP-Adresse, verwendeter Browser, Betriebssystem \u00fcber Ihren Computer und Ihre Verbindung zum Internet.<\/p>\n<p>Cookies k\u00f6nnen nicht verwendet werden, um Programme zu starten oder Viren auf einen Computer zu \u00fcbertragen. Anhand der in Cookies enthaltenen Informationen k\u00f6nnen wir Ihnen die Navigation erleichtern und die korrekte Anzeige unserer Webseiten erm\u00f6glichen.<\/p>\n<p>In keinem Fall werden die von uns erfassten Daten an Dritte weitergegeben oder ohne Ihre Einwilligung eine Verkn\u00fcpfung mit personenbezogenen Daten hergestellt.<\/p>\n<p>Nat\u00fcrlich k\u00f6nnen Sie unsere Website grunds\u00e4tzlich auch ohne Cookies betrachten. Internet-Browser sind regelm\u00e4\u00dfig so eingestellt, dass sie Cookies akzeptieren. Sie k\u00f6nnen die Verwendung von Cookies jederzeit \u00fcber die Einstellungen Ihres Browsers deaktivieren. Bitte verwenden Sie die Hilfefunktionen Ihres Internetbrowsers, um zu erfahren, wie Sie diese Einstellungen \u00e4ndern k\u00f6nnen. Bitte beachten Sie, dass einzelne Funktionen unserer Website m\u00f6glicherweise nicht funktionieren, wenn Sie die Verwendung von Cookies deaktiviert haben.<\/p>\n<h4>SSL-Verschl\u00fcsselung<\/h4>\n<p>Um die Sicherheit Ihrer Daten bei der \u00dcbertragung zu sch\u00fctzen, verwenden wir dem aktuellen Stand der Technik entsprechende Verschl\u00fcsselungsverfahren (z. B. SSL) \u00fcber HTTPS.<\/p>\n<h4>Kommentarfunktion<\/h4>\n<p>Wenn Nutzer Kommentare auf Wirtschaft regional online hinterlassen, werden neben diesen Angaben auch der Zeitpunkt ihrer Erstellung gespeichert. Dies dient unserer Sicherheit, da wir f\u00fcr widerrechtliche Inhalte auf unserer Webseite belangt werden k\u00f6nnen, auch wenn diese durch Benutzer erstellt wurden.<\/p>\n<h4>L\u00f6schung bzw. Sperrung der Daten<\/h4>\n<p>Wir halten uns an die Grunds\u00e4tze der Datenvermeidung und Datensparsamkeit. Wir speichern Ihre personenbezogenen Daten daher nur so lange, wie dies zur Erreichung der hier genannten Zwecke erforderlich ist oder wie es die vom Gesetzgeber vorgesehenen vielf\u00e4ltigen Speicherfristen vorsehen. Nach Fortfall des jeweiligen Zweckes bzw. Ablauf dieser Fristen werden die entsprechenden Daten routinem\u00e4\u00dfig und entsprechend den gesetzlichen Vorschriften gesperrt oder gel\u00f6scht.<\/p>\n<h4>Ihre Rechte auf Auskunft, Berichtigung, Sperre, L\u00f6schung und Widerspruch<\/h4>\n<p>Sie haben das Recht, jederzeit Auskunft \u00fcber Ihre bei uns gespeicherten personenbezogenen Daten zu erhalten. Ebenso haben Sie das Recht auf Berichtigung, Sperrung oder, abgesehen von der vorgeschriebenen Datenspeicherung zur Gesch\u00e4ftsabwicklung, L\u00f6schung Ihrer personenbezogenen Daten. Bitte wenden Sie sich dazu an unseren Datenschutzbeauftragten. Die Kontaktdaten finden Sie ganz unten.<\/p>\n<p>Damit eine Sperre von Daten jederzeit ber\u00fccksichtigt werden kann, m\u00fcssen diese Daten zu Kontrollzwecken in einer Sperrdatei vorgehalten werden. Sie k\u00f6nnen auch die L\u00f6schung der Daten verlangen, soweit keine gesetzliche Archivierungsverpflichtung besteht. Soweit eine solche Verpflichtung besteht, sperren wir Ihre Daten auf Wunsch.<\/p>\n<p>Sie k\u00f6nnen \u00c4nderungen oder den Widerruf einer Einwilligung durch entsprechende Mitteilung an uns mit Wirkung f\u00fcr die Zukunft vornehmen.<\/p>\n<h4>\u00c4nderung unserer Datenschutzbestimmungen<\/h4>\n<p>Wir behalten uns vor, diese Datenschutzerkl\u00e4rung gelegentlich anzupassen, damit sie stets den aktuellen rechtlichen Anforderungen entspricht oder um \u00c4nderungen unserer Leistungen in der Datenschutzerkl\u00e4rung umzusetzen, z. B. bei der Einf\u00fchrung neuer Services. F\u00fcr Ihren erneuten Besuch gilt dann die neue Datenschutzerkl\u00e4rung.<\/p>\n<h4>Fragen an den Datenschutzbeauftragten<\/h4>\n<p>Wenn Sie Fragen zum Datenschutz haben, schreiben Sie uns bitte eine E-Mail:<\/p>\n<p><a href=\"mailto:vdsm@arbeitgeberverbaende.de\">vdsm@arbeitgeberverbaende.de<\/a><\/p>\n","protected":false},"excerpt":{"rendered":"<p>Diese Datenschutzerkl\u00e4rung kl\u00e4rt Nutzer \u00fcber die Art, den Umfang und Zwecke der Erhebung und Verwendung personenbezogener Daten durch den verantwortlichen Anbieter: Verband der Siegerl\u00e4nder Metallindustriellen&#8230;<\/p>\n","protected":false},"author":2,"featured_media":0,"parent":0,"menu_order":0,"comment_status":"closed","ping_status":"closed","template":"","meta":{"footnotes":""},"class_list":["post-9139","page","type-page","status-publish","hentry"],"jetpack_sharing_enabled":true,"_links":{"self":[{"href":"https:\/\/www.vdsm.net\/wronline\/wp-json\/wp\/v2\/pages\/9139","targetHints":{"allow":["GET"]}}],"collection":[{"href":"https:\/\/www.vdsm.net\/wronline\/wp-json\/wp\/v2\/pages"}],"about":[{"href":"https:\/\/www.vdsm.net\/wronline\/wp-json\/wp\/v2\/types\/page"}],"author":[{"embeddable":true,"href":"https:\/\/www.vdsm.net\/wronline\/wp-json\/wp\/v2\/users\/2"}],"replies":[{"embeddable":true,"href":"https:\/\/www.vdsm.net\/wronline\/wp-json\/wp\/v2\/comments?post=9139"}],"version-history":[{"count":11,"href":"https:\/\/www.vdsm.net\/wronline\/wp-json\/wp\/v2\/pages\/9139\/revisions"}],"predecessor-version":[{"id":29692,"href":"https:\/\/www.vdsm.net\/wronline\/wp-json\/wp\/v2\/pages\/9139\/revisions\/29692"}],"wp:attachment":[{"href":"https:\/\/www.vdsm.net\/wronline\/wp-json\/wp\/v2\/media?parent=9139"}],"curies":[{"name":"wp","href":"https:\/\/api.w.org\/{rel}","templated":true}]}}

<p>Diese Datenschutzerklärung klärt Nutzer über die Art, den Umfang und Zwecke der Erhebung und Verwendung personenbezogener Daten durch den verantwortlichen Anbieter: Verband der Siegerländer Metallindustriellen e.V. auf.</p>
<p><strong>Verantwortlich für den Inhalt:</strong></p>
<p>RA Dr. Thorsten Doublet<br />
Spandauer Straße 25<br />
57072 Siegen</p>
<p><strong>Redaktion:</strong></p>
<p>Julia Förster M.A.<br />
Jan Krumnow</p>
<p><strong>Redaktionsanschrift:</strong></p>
<p>Unternehmerschaft Siegen-Wittgenstein<br />
Postfach 10 10 62<br />
57010 Siegen<br />
Tel. : (0271) 23 04 30<br />
Fax : (0271) 2 31 69 48<br />
<a href="mailto:vdsm@arbeitgeberverbaende.de">E-Mail: vdsm@arbeitgeberverbaende.de</a><br />
<a href="http://www.arbeitgeberverbaende.de/" target="_blank" rel="noopener">Internet: http://www.arbeitgeberverbaende.de</a></p>
<p>&nbsp;</p>
<h3>DATENSCHUTZERKLÄRUNG</h3>
<p><span class="c-article-text__drop-cap">W</span>ir freuen uns sehr über Ihr Interesse an Wirtschaft regional online. Um Wirtschaft regional online anbieten zu können, benötigen wir natürlich auch einige Daten über Sie. Dabei nehmen wir den Schutz personenbezogener Daten sehr ernst und verarbeiten diese stets im Einklang mit den anwendbaren datenschutzrechtlichen Bestimmungen, insbesondere der EU Datenschutz-Grundverordnung.</p>
<p>In der Regel können Sie Onlinedienste, für die keine Bezahlung oder Registrierung erforderlich ist, ohne Angabe personenbezogener Daten nutzen. In bestimmten Fällen verarbeiten wir jedoch die nachfolgend aufgelisteten personenbezogenen Daten. Dies geschieht grundsätzlich nur, soweit dies zur Bereitstellung einer funktionsfähigen Website bzw. App sowie unserer Inhalte und Leistungen erforderlich ist: Informationen über den Browsertyp und die verwendete Version, Betriebssystem des Nutzers, Datum und Uhrzeit des Zugriffs, Websites, von denen der Nutzer auf unsere Website gelangt, Websites, die der Nutzer über unsere Website aufruft.</p>
<p>Wir verarbeiten Ihre Daten ausschließlich aufgrund einer oder mehrerer der möglichen gesetzlichen Grundlagen. Gemäß DSGVO können personenbezogene Daten insbesondere aufgrund eines Vertrages oder zur Durchführung vorvertraglicher Maßnahmen, bei Vorliegen einer Einwilligung, aufgrund eines berechtigten Interesses oder eines Gesetzes sowie zum Schutz lebenswichtiger oder öffentlicher Interessen verarbeitet werden.</p>
<p>Zur Wahrnehmung der Meinungs- und Informationsfreiheit im Rahmen unserer Berichterstattung berufen wir uns auf unser berechtigtes Interesse, wenn wir bei unserer Berichterstattung personenbezogene Daten der betroffenen Personen verarbeiten.</p>
<h4>Cookies</h4>
<p>Wie viele andere Webseiten verwenden wir auch so genannte „Cookies“. Cookies sind kleine Textdateien, die von einem Webseitenserver auf Ihre Festplatte übertragen werden. Hierdurch erhalten wir automatisch bestimmte Daten wie z. B. IP-Adresse, verwendeter Browser, Betriebssystem über Ihren Computer und Ihre Verbindung zum Internet.</p>
<p>Cookies können nicht verwendet werden, um Programme zu starten oder Viren auf einen Computer zu übertragen. Anhand der in Cookies enthaltenen Informationen können wir Ihnen die Navigation erleichtern und die korrekte Anzeige unserer Webseiten ermöglichen.</p>
<p>In keinem Fall werden die von uns erfassten Daten an Dritte weitergegeben oder ohne Ihre Einwilligung eine Verknüpfung mit personenbezogenen Daten hergestellt.</p>
<p>Natürlich können Sie unsere Website grundsätzlich auch ohne Cookies betrachten. Internet-Browser sind regelmäßig so eingestellt, dass sie Cookies akzeptieren. Sie können die Verwendung von Cookies jederzeit über die Einstellungen Ihres Browsers deaktivieren. Bitte verwenden Sie die Hilfefunktionen Ihres Internetbrowsers, um zu erfahren, wie Sie diese Einstellungen ändern können. Bitte beachten Sie, dass einzelne Funktionen unserer Website möglicherweise nicht funktionieren, wenn Sie die Verwendung von Cookies deaktiviert haben.</p>
<h4>SSL-Verschlüsselung</h4>
<p>Um die Sicherheit Ihrer Daten bei der Übertragung zu schützen, verwenden wir dem aktuellen Stand der Technik entsprechende Verschlüsselungsverfahren (z. B. SSL) über HTTPS.</p>
<h4>Kommentarfunktion</h4>
<p>Wenn Nutzer Kommentare auf Wirtschaft regional online hinterlassen, werden neben diesen Angaben auch der Zeitpunkt ihrer Erstellung gespeichert. Dies dient unserer Sicherheit, da wir für widerrechtliche Inhalte auf unserer Webseite belangt werden können, auch wenn diese durch Benutzer erstellt wurden.</p>
<h4>Löschung bzw. Sperrung der Daten</h4>
<p>Wir halten uns an die Grundsätze der Datenvermeidung und Datensparsamkeit. Wir speichern Ihre personenbezogenen Daten daher nur so lange, wie dies zur Erreichung der hier genannten Zwecke erforderlich ist oder wie es die vom Gesetzgeber vorgesehenen vielfältigen Speicherfristen vorsehen. Nach Fortfall des jeweiligen Zweckes bzw. Ablauf dieser Fristen werden die entsprechenden Daten routinemäßig und entsprechend den gesetzlichen Vorschriften gesperrt oder gelöscht.</p>
<h4>Ihre Rechte auf Auskunft, Berichtigung, Sperre, Löschung und Widerspruch</h4>
<p>Sie haben das Recht, jederzeit Auskunft über Ihre bei uns gespeicherten personenbezogenen Daten zu erhalten. Ebenso haben Sie das Recht auf Berichtigung, Sperrung oder, abgesehen von der vorgeschriebenen Datenspeicherung zur Geschäftsabwicklung, Löschung Ihrer personenbezogenen Daten. Bitte wenden Sie sich dazu an unseren Datenschutzbeauftragten. Die Kontaktdaten finden Sie ganz unten.</p>
<p>Damit eine Sperre von Daten jederzeit berücksichtigt werden kann, müssen diese Daten zu Kontrollzwecken in einer Sperrdatei vorgehalten werden. Sie können auch die Löschung der Daten verlangen, soweit keine gesetzliche Archivierungsverpflichtung besteht. Soweit eine solche Verpflichtung besteht, sperren wir Ihre Daten auf Wunsch.</p>
<p>Sie können Änderungen oder den Widerruf einer Einwilligung durch entsprechende Mitteilung an uns mit Wirkung für die Zukunft vornehmen.</p>
<h4>Änderung unserer Datenschutzbestimmungen</h4>
<p>Wir behalten uns vor, diese Datenschutzerklärung gelegentlich anzupassen, damit sie stets den aktuellen rechtlichen Anforderungen entspricht oder um Änderungen unserer Leistungen in der Datenschutzerklärung umzusetzen, z. B. bei der Einführung neuer Services. Für Ihren erneuten Besuch gilt dann die neue Datenschutzerklärung.</p>
<h4>Fragen an den Datenschutzbeauftragten</h4>
<p>Wenn Sie Fragen zum Datenschutz haben, schreiben Sie uns bitte eine E-Mail:</p>
<p><a href="mailto:vdsm@arbeitgeberverbaende.de">vdsm@arbeitgeberverbaende.de</a></p>

<p>Diese Datenschutzerklärung klärt Nutzer über die Art, den Umfang und Zwecke der Erhebung und Verwendung personenbezogener Daten durch den verantwortlichen Anbieter: Verband der Siegerländer Metallindustriellen&#8230;</p>
